to base 13
-5
What is -100 (base 4) in base 6?
-24
110 (base 2) to base 11
6
Convert -430 (base 7) to base 4.
-3121
-100 (base 2) to base 6
-4
What is 7d (base 14) in base 5?
421
-20 (base 3) to base 15
-6
5 (base 14) to base 2
101
What is 1 (base 3) in base 11?
1
What is 59 (base 16) in base 7?
155
What is 0 (base 10) in base 5?
0
Convert 70 (base 11) to base 7.
140
What is -3 (base 8) in base 9?
-3
What is -2012 (base 3) in base 15?
-3e
0 (base 6) to base 11
0
Convert 2 (base 13) to base 3.
2
Convert -73 (base 14) to base 7.
-203
0 (base 5) to base 11
0
What is -11 (base 10) in base 4?
-23
What is 8 (base 11) in base 7?
11
What is -242 (base 5) in base 3?
-2200
Convert -11 (base 2) to base 9.
-3
What is 30 (base 9) in base 15?
1c
What is 1101 (base 2) in base 6?
21
-10 (base 8) to base 14
-8
What is -1 (base 6) in base 15?
-1
-18 (base 9) to base 10
-17
Convert 5 (base 9) to base 7.
5
-a (base 11) to base 15
-a
Convert 3 (base 10) to base 16.
3
Convert 153 (base 12) to base 5.
1312
What is -6a (base 14) in base 10?
-94
What is 33 (base 5) in base 16?
12
Convert -2 (base 14) to base 4.
-2
Convert -17b (base 12) to base 15.
-10e
Convert -23 (base 7) to base 13.
-14
What is 5b (base 13) in base 10?
76
What is 6 (base 12) in base 6?
10
What is 221 (base 4) in base 6?
105
What is 262 (base 7) in base 13?
ac
5 (base 13) to base 16
5
What is 51 (base 15) in base 7?
136
Convert -5 (base 8) to base 11.
-5
What is -4 (base 15) in base 9?
-4
Convert -25 (base 11) to base 5.
-102
-40 (base 8) to base 6
-52
-5 (base 9) to base 16
-5
What is 0 (base 15) in base 8?
0
2 (base 5) to base 16
2
What is 1 (base 12) in base 16?
1
What is 1 (base 14) in base 11?
1
What is -33 (base 11) in base 5?
-121
What is 225 (base 9) in base 15?
c5
-8 (base 16) to base 2
-1000
What is -12 (base 4) in base 7?
-6
11d (base 14) to base 10
223
Convert 1a (base 13) to base 4.
113
Convert -2 (base 16) to base 13.
-2
What is -23 (base 4) in base 3?
-102
Convert 52 (base 7) to base 15.
27
-129 (base 11) to base 8
-230
Convert -23 (base 16) to base 3.
-1022
Convert -642 (base 7) to base 3.
-110000
What is -1b (base 14) in base 2?
-11001
What is -2200 (base 4) in base 2?
-10100000
-5 (base 15) to base 12
-5
Convert 23 (base 8) to base 12.
17
What is 2 (base 14) in base 7?
2
Convert -14 (base 16) to base 11.
-19
What is 1 (base 9) in base 10?
1
What is -15 (base 8) in base 9?
-14
251 (base 10) to base 3
100022
What is -52 (base 11) in base 7?
-111
Convert 1 (base 15) to base 14.
1
What is 45 (base 9) in base 15?
2b
Convert 35 (base 16) to base 11.
49
Convert -30 (base 5) to base 9.
-16
Convert 22 (base 10) to base 9.
24
What is 0 (base 16) in base 15?
0
-203 (base 4) to base 3
-1022
Convert 12 (base 12) to base 2.
1110
What is 1 (base 11) in base 2?
1
Convert -97 (base 15) to base 13.
-ac
Convert -101 (base 2) to base 13.
-5
2 (base 12) to base 16
2
Convert 1010 (base 2) to base 4.
22
Convert 0 (base 3) to base 5.
0
What is 10 (base 13) in base 11?
12
Convert 157 (base 12) to base 4.
3103
Convert 32 (base 7) to base 9.
25
154 (base 6) to base 9
77
-1 (base 3) to base 7
-1
What is 45 (base 10) in base 5?
140
Convert 2 (base 6) to base 7.
2
3 (base 13) to base 2
11
Convert 6 (base 15) to base 16.
6
5 (base 10) to base 15
5
What is 7 (base 12) in base 15?
7
21 (base 6) to base 2
1101
Convert 11 (base 2) to base 15.
3
What is 1 (base 11) in base 10?
1
Convert 16 (base 12) to base 2.
10010
What is 2 (base 15) in base 7?
2
Convert -2 (base 13) to base 8.
-2
Convert -278 (base 11) to base 2.
-101000111
Convert 4 (base 15) to base 8.
4
Convert 15 (base 16) to base 3.
210
2021 (base 4) to base 13
a7
10202 (base 3) to base 13
7a
Convert 30 (base 11) to base 16.
21
-47 (base 14) to base 10
-63
What is 132 (base 9) in base 12?
92
What is 22 (base 12) in base 9?
28
121 (base 3) to base 12
14
What is -73 (base 12) in base 10?
-87
-6 (base 12) to base 3
-20
Convert 8 (base 10) to base 4.
20
78 (base 15) to base 13
89
What is 13 (base 5) in base 3?
22
-41 (base 14) to base 11
-52
What is 3 (base 16) in base 11?
3
3213 (base 4) to base 8
347
Convert -1a (base 11) to base 14.
-17
What is -3 (base 12) in base 4?
-3
What is -142 (base 7) in base 2?
-1001111
What is -3 (base 12) in base 16?
-3
What is 6e (base 16) in base 2?
1101110
Convert 9 (base 16) to base 9.
10
Convert -1 (base 16) to base 9.
-1
Convert -36 (base 14) to base 10.
-48
Convert -14 (base 10) to base 15.
-e
Convert 1 (base 12) to base 3.
1
What is 150 (base 9) in base 16?
7e
Convert -117 (base 10) to base 8.
-165
-11 (base 3) to base 10
-4
What is -50 (base 14) in base 12?
-5a
What is -2 (base 15) in base 8?
-2
What is -232 (base 4) in base 10?
-46
What is -62 (base 15) in base 12?
-78
Convert -6 (base 7) to base 13.
-6
-113 (base 5) to base 15
-23
Convert 1135 (base 6) to base 14.
159
What is 352 (base 10) in base 6?
1344
-231 (base 4) to base 14
-33
Convert -120 (base 3) to base 9.
-16
Convert 6 (base 12) to base 5.
11
What is 10 (base 3) in base 6?
3
What is -320 (base 4) in base 16?
-38
-10 (base 6) to base 8
-6
Convert -1 (base 15) to base 12.
-1
What is 344 (base 8) in base 13?
147
What is 412 (base 7) in base 4?
3031
1 (base 9) to base 5
1
What is 12e (base 16) in base 9?
365
Convert -3 (base 15) to base 2.
-11
What is 2 (base 14) in base 3?
2
-1111 (base 3) to base 5
-130
Convert -11 (base 11) to base 6.
-20
What is 42 (base 11) in base 2?
101110
Convert 6 (base 12) to base 6.
10
-163 (base 7) to base 11
-86
What is -4 (base 13) in base 14?
-4
What is 1 (base 11) in base 14?
1
What is 1 (base 16) in base 13?
1
Convert -13 (base 13) to base 15.
-11
Convert 11 (base 7) to base 11.
8
-1323 (base 4) to base 12
-a3
What is -27 (base 8) in base 13?
-1a
1 (base 4) to base 2
1
-6 (base 10) to base 16
-6
-22 (base 4) to base 3
-101
What is -82 (base 9) in base 11?
-68
-c (base 13) to base 14
-c
11001 (base 2) to base 7
34
What is -33 (base 5) in base 11?
-17
What is 112 (base 3) in base 8?
16
4 (base 5) to base 12
4
Convert 32 (base 14) to base 10.
44
Convert 6 (base 7) to base 15.
6
Convert 285 (base 10) to base 12.
1b9
What is 4b (base 16) in base 11?
69
Convert -6 (base 8) to base 5.
-11
What is -33 (base 4) in base 10?
-15
Convert -1 (base 7) to base 6.
-1
-104 (base 6) to base 12
-34
What is -47 (base 14) in base 8?
-77
111 (base 3) to base 15
d
What is -11 (base 3) in base 11?
-4
12 (base 7) to base 2
1001
Convert 78 (base 16) to base 3.
11110
6 (base 16) to base 14
6
Convert -11 (base 12) to base 7.
-16
35 (base 10) to base 14
27
What is -100010 (base 2) in base 12?
-2a
Convert 11 (base 4) to base 9.
5
Convert 131 (base 11) to base 5.
1110
What is 18 (base 16) in base 5?
44
Convert 0 (base 15) to base 11.
0
Convert -15 (base 13) to base 3.
-200
143 (base 5) to base 9
53
3 (base 11) to base 15
3
9 (base 15) to base 2
1001
What is -2 (base 13) in base 16?
-2
Convert -1024 (base 5) to base 13.
-a9
Convert 11 (base 7) to base 3.
22
What is -53 (base 11) in base 12?
-4a
-a4 (base 15) to base 8
-232
3 (base 9) to base 12
3
What is -205 (base 8) in base 4?
-2011
What is 111 (base 2) in base 10?
7
Convert 0 (base 6) to base 15.
0
42 (base 5) to base 2
10110
Convert 37 (base 9) to base 11.
31
Convert 20 (base 4) to base 3.
22
Convert a (base 12) to base 2.
1010
Convert 3 (base 8) to base 2.
11
-111 (base 4) to base 13
-18
What is 59 (base 16) in base 13?
6b
-20 (base 6) to base 10
-12
What is 6 (base 14) in base 6?
10
What is -54 (base 6) in base 8?
-42
Convert 0 (base 6) to base 13.
0
29 (base 15) to base 6
103
2 (base 9) to base 15
2
What is 8a (base 12) in base 7?
211
204 (base 5) to base 15
39
What is -10000010 (base 2) in base 7?
-244
What is -6 (base 9) in base 4?
-12
What is 288 (base 9) in base 3?
22222
-22 (base 9) to base 12
-18
-1 (base 16) to base 9
-1
Convert 5 (base 10) to base 5.
10
-22121 (base 3) to base 2
-11101000
Convert -6 (base 8) to base 12.
-6
Convert 2 (base 11) to base 5.
2
Convert -68 (base 12) to base 7.
-143
Convert -2 (base 13) to base 8.
-2
What is 11 (base 2) in base 15?
3
Convert 7c (base 16) to base 15.
84
What is 27 (base 15) in base 6?
101
Convert 110011 (base 3) to base 13.
1c3
-2 (base 4) to base 10
-2
Convert 3 (base 7) to base 10.
3
What is 12 (base 16) in base 11?
17
Convert -13 (base 4) to base 2